3, 5, 13, 17, 29
What are the prime factors of 4614578?
2, 2307289
List the prime factors of 19950606.
2, 3, 13, 85259
What are the prime factors of 33048889?
67, 103, 4789
What are the prime factors of 254936?
2, 11, 2897
What are the prime factors of 1404489?
3, 17, 27539
What are the prime factors of 3383722?
2, 1691861
What are the prime factors of 277156?
2, 11, 6299
What are the prime factors of 30988009?
13, 183361
List the prime factors of 436356.
2, 3, 17, 23, 31
What are the prime factors of 3349278?
2, 3, 186071
List the prime factors of 488079.
3, 18077
What are the prime factors of 14414914?
2, 29, 248533
List the prime factors of 14978.
2, 7489
List the prime factors of 9659989.
9659989
What are the prime factors of 13820321?
41, 337081
What are the prime factors of 10445208?
2, 3, 17, 25601
List the prime factors of 3948299.
103, 38333
List the prime factors of 289224.
2, 3, 13, 103
List the prime factors of 524771.
13, 37, 1091
List the prime factors of 207691.
11, 79, 239
List the prime factors of 7862041.
11, 17, 42043
What are the prime factors of 16287498?
2, 3, 904861
What are the prime factors of 581000?
2, 5, 7, 83
What are the prime factors of 483085?
5, 79, 1223
What are the prime factors of 192375?
3, 5, 19
List the prime factors of 1031468.
2, 257867
What are the prime factors of 291576?
2, 3, 12149
What are the prime factors of 585152?
2, 41, 223
What are the prime factors of 33467?
7, 683
List the prime factors of 517872.
2, 3, 10789
List the prime factors of 4680062.
2, 269, 8699
List the prime factors of 6486736.
2, 23, 17627
What are the prime factors of 6483532?
2, 11, 147353
What are the prime factors of 134145?
3, 5, 11, 271
What are the prime factors of 4301778?
2, 3, 13, 131, 421
What are the prime factors of 1180611?
3, 233, 563
What are the prime factors of 16608281?
31, 535751
What are the prime factors of 6107916?
2, 3, 59, 8627
List the prime factors of 16191534.
2, 3, 19, 142031
What are the prime factors of 1159769?
13, 89213
List the prime factors of 1135841.
7, 162263
What are the prime factors of 118622?
2, 7, 37, 229
List the prime factors of 31745387.
31745387
What are the prime factors of 5346?
2, 3, 11
What are the prime factors of 629730?
2, 3, 5, 6997
What are the prime factors of 136880?
2, 5, 29, 59
List the prime factors of 3074195.
5, 17, 59, 613
List the prime factors of 355860.
2, 3, 5, 659
List the prime factors of 177186.
2, 3, 29531
What are the prime factors of 6752147?
53, 127399
List the prime factors of 4120482.
2, 3, 79, 8693
What are the prime factors of 14984347?
7, 305803
What are the prime factors of 317048?
2, 39631
List the prime factors of 555219.
3, 7, 1259
What are the prime factors of 245494?
2, 131, 937
What are the prime factors of 195290?
2, 5, 59, 331
List the prime factors of 52830.
2, 3, 5, 587
List the prime factors of 11864105.
5, 11, 109, 1979
List the prime factors of 403390.
2, 5, 13, 29, 107
What are the prime factors of 10380811?
7, 29, 51137
What are the prime factors of 9194519?
167, 55057
What are the prime factors of 1068964?
2, 13, 61, 337
List the prime factors of 1326241.
7, 189463
List the prime factors of 23852217.
3, 7950739
What are the prime factors of 3688537?
3688537
What are the prime factors of 8363859?
3, 7, 56897
What are the prime factors of 5330241?
3, 7, 19, 61, 73
List the prime factors of 2145980.
2, 5, 61, 1759
What are the prime factors of 2815784?
2, 29, 53, 229
What are the prime factors of 510713?
7, 72959
List the prime factors of 5455443.
3, 7, 259783
List the prime factors of 83453.
17, 4909
What are the prime factors of 4515743?
149, 30307
What are the prime factors of 1307164?
2, 17, 47, 409
List the prime factors of 2735862.
2, 3, 455977
What are the prime factors of 3209460?
2, 3, 5, 149, 359
List the prime factors of 150527.
13, 11579
What are the prime factors of 116430?
2, 3, 5, 3881
List the prime factors of 1468659.
3, 489553
What are the prime factors of 136552?
2, 13, 101
What are the prime factors of 79545?
3, 5, 5303
What are the prime factors of 940514?
2, 421, 1117
What are the prime factors of 216673?
389, 557
What are the prime factors of 685698?
2, 3, 13, 59, 149
List the prime factors of 3523.
13, 271
List the prime factors of 7906504.
2, 988313
What are the prime factors of 81166?
2, 40583
List the prime factors of 9112174.
2, 179, 25453
What are the prime factors of 16323801?
3, 13, 418559
List the prime factors of 783284.
2, 59, 3319
List the prime factors of 19994315.
5, 11, 363533
What are the prime factors of 1199489?
19, 63131
What are the prime factors of 127994?
2, 63997
List the prime factors of 21121620.
2, 3, 5, 13, 2083
What are the prime factors of 876692?
2, 61, 3593
What are the prime factors of 27624728?
2, 17, 229, 887
What are the prime factors of 1176658?
2, 7, 84047
What are the prime factors of 17796332?
2, 4449083
What are the prime factors of 5219958?
2, 3, 97, 8969
List the prime factors of 17285345.
5, 7, 11, 17, 19, 139
List the prime factors of 3876765.
3, 5, 17, 23, 661
What are the prime factors of 121121?
7, 11, 13
What are the prime factors of 16471558?
2, 113, 72883
List the prime factors of 6058903.
6058903
What are the prime factors of 1493596?
2, 13, 28723
List the prime factors of 128167.
13, 9859
List the prime factors of 18389055.
3, 5, 19, 113, 571
What are the prime factors of 918549?
3, 102061
What are the prime factors of 1034564?
2, 47, 5503
What are the prime factors of 1646273?
41, 40153
What are the prime factors of 3662814?
2, 3, 610469
List the prime factors of 11790830.
2, 5, 19, 62057
What are the prime factors of 329354?
2, 164677
What are the prime factors of 138569?
138569
List the prime factors of 870817.
73, 79, 151
List the prime factors of 827822.
2, 413911
List the prime factors of 159947.
307, 521
What are the prime factors of 1559600?
2, 5, 7, 557
List the prime factors of 14165.
5, 2833
What are the prime factors of 8452839?
3, 2817613
List the prime factors of 1707002.
2, 11, 77591
List the prime factors of 617901.
3, 205967
What are the prime factors of 336678?
2, 3, 56113
List the prime factors of 13925428.
2, 11, 191, 1657
What are the prime factors of 5589166?
2, 11, 254053
List the prime factors of 2215652.
2, 683, 811
List the prime factors of 491582.
2, 7, 13, 37, 73
List the prime factors of 1362548.
2, 11, 173, 179
What are the prime factors of 4390290?
2, 3, 5, 48781
List the prime factors of 181067.
17, 10651
What are the prime factors of 676087?
283, 2389
List the prime factors of 2013962.
2, 19, 52999
List the prime factors of 12489.
3, 23, 181
List the prime factors of 115495.
5, 23099
List the prime factors of 1795772.
2, 11, 40813
List the prime factors of 851428.
2, 17, 19, 659
List the prime factors of 7932587.
13, 610199
What are the prime factors of 5355873?
3, 595097
What are the prime factors of 3681423?
3, 59, 2311
List the prime factors of 267760.
2, 5, 3347
List the prime factors of 6726026.
2, 809, 4157
List the prime factors of 196343.
7, 4007
What are the prime factors of 5258049?
3, 17, 103099
List the prime factors of 1919459.
1919459
List the prime factors of 245641.
11, 137, 163
List the prime factors of 3170157.
3, 1056719
What are the prime factors of 590963?
590963
List the prime factors of 834656.
2, 26083
List the prime factors of 14934130.
2, 5, 23, 29, 2239
What are the prime factors of 520123?
520123
What are the prime factors of 3256996?
2, 17, 211, 227
List the prime factors of 5012828.
2, 643, 1949
What are the prime factors of 2116?
2, 23
List the prime factors of 204757.
7, 29251
What are the prime factors of 131254?
2, 29, 31, 73
What are the prime factors of 5774650?
2, 5, 7, 2357
What are the prime factors of 520997?
37, 14081
What are the prime factors of 1945289?
59, 32971
List the prime factors of 6593941.
6593941
What are the prime factors of 7902032?
2, 493877
List the prime factors of 600794.
2, 300397
List the prime factors of 5527022.
2, 2763511
What are the prime factors of 455720?
2, 5, 11393
What are the prime factors of 16537603?
16537603
List the prime factors of 1604504.
2, 11, 18233
List the prime factors of 433230.
2, 3, 5, 7, 2063
List the prime factors of 146544.
2, 3, 43, 7